328 + 1?
-38327
In base 5, what is -401 - -22313?
21412
In base 14, what is -6991 + 10c?
-6883
In base 10, what is -312 - -131?
-181
In base 11, what is 585 - -101?
686
In base 14, what is 25 + -737?
-712
In base 15, what is b6684 - -3?
b6687
In base 11, what is 14 - 6a9a?
-6a86
In base 11, what is 51448 - -10?
51458
In base 16, what is 1aa + 180a?
19b4
In base 10, what is -2967 + -982?
-3949
In base 6, what is -131 + 11515?
11344
In base 13, what is -5 - 10887?
-1088c
In base 11, what is 22889 + -5a?
2282a
In base 15, what is 1 + -d57?
-d56
In base 15, what is 1 + -1293b?
-1293a
In base 8, what is -34 + 1153?
1117
In base 13, what is -1 + -17c07?
-17c08
In base 16, what is -2 + 1bcb?
1bc9
In base 13, what is 41a1 + 7c?
4250
In base 16, what is 3a + cb?
105
In base 3, what is -100121121 - -20211?
-100100210
In base 16, what is 741 + -472?
2cf
In base 2, what is 100000100111000110 + 0?
100000100111000110
In base 7, what is 154235 + 4?
154242
In base 4, what is -1 - -110232120?
110232113
In base 10, what is -6 + -133294?
-133300
In base 6, what is -15305 - -11?
-15254
In base 13, what is 14229 + 5?
14231
In base 14, what is -3 + 251b?
2518
In base 2, what is 10110111111 - 1?
10110111110
In base 10, what is -60 + 5281?
5221
In base 11, what is -a9 + 102?
4
In base 14, what is -366 - -14b?
-219
In base 13, what is -1aba7 - 0?
-1aba7
In base 6, what is -10 + -2300140?
-2300150
In base 3, what is 10011211201222 + 11?
10011211202010
In base 5, what is 3421 + -1022?
2344
In base 13, what is -30b + 10?
-2cb
In base 4, what is 102123311 - 12?
102123233
In base 10, what is 34995 + 1?
34996
In base 2, what is -11 + -100000111010111?
-100000111011010
In base 9, what is 1175462 - 13?
1175448
In base 2, what is -100110 + -10100001?
-11000111
In base 15, what is 3b - 55?
-19
In base 11, what is 230 + 822?
a52
In base 11, what is 5a8 + 37?
634
In base 11, what is 1637 - 226?
1411
In base 15, what is 25d2 + -a?
25c7
In base 3, what is -121 + 1011222120?
1011221222
In base 11, what is -3 + -aa901?
-aa904
In base 15, what is -1275 - 9?
-127e
In base 13, what is 2 + -11622?
-11620
In base 6, what is 12 + -35003?
-34551
In base 13, what is 4 - -10b26?
10b2a
In base 10, what is -11 - -4027?
4016
In base 6, what is 10 + 53321?
53331
In base 5, what is 1112303444 + 2?
1112304001
In base 9, what is 1246 - -321?
1567
In base 12, what is 22678 + -4?
22674
In base 12, what is 2368a - -aa?
23778
In base 5, what is -33 - 114044?
-114132
In base 3, what is -212001010 - -100101?
-211200202
In base 12, what is -13b360 + 1?
-13b35b
In base 2, what is 0 - -1110001001000011?
1110001001000011
In base 14, what is -3 - 11bb3?
-11bb6
In base 15, what is -1edb44 + -5?
-1edb49
In base 11, what is -5 + 8576?
8571
In base 15, what is -1acc6 - -2?
-1acc4
In base 11, what is -2 + 2224?
2222
In base 14, what is -383d + 2?
-383b
In base 4, what is 30210220 + -2?
30210212
In base 9, what is 23 + 5601?
5624
In base 12, what is 59 - 32b?
-292
In base 14, what is -6c - 2c2?
-350
In base 6, what is -31 - -5505?
5434
In base 15, what is 10 - ac?
-9c
In base 4, what is 0 + -320102121?
-320102121
In base 5, what is -1443 + -20243?
-22241
In base 9, what is 616 + -71?
535
In base 13, what is -23b96 + 9?
-23b8a
In base 16, what is 59e - -e5?
683
In base 16, what is -59d2 + 26?
-59ac
In base 15, what is 8b771 + -b?
8b765
In base 13, what is abb + -40?
a7b
In base 12, what is -608a + 2?
-6088
In base 11, what is 4 - -36924?
36928
In base 16, what is -1692 + 1a?
-1678
In base 12, what is 1 - 5201a?
-52019
In base 10, what is -248472 + 2?
-248470
In base 5, what is 4 + -1143322?
-1143313
In base 10, what is 23 - 97283?
-97260
In base 4, what is -1201 + -12121323?
-12123130
In base 8, what is -1166 + -461?
-1647
In base 2, what is 10010001000101 - -10?
10010001000111
In base 5, what is 2044041 + -32?
2044004
In base 8, what is 2037 - -312?
2351
In base 15, what is -4 + 2551b?
25517
In base 3, what is -10100 + -11202?
-22002
In base 10, what is 2362 + 465?
2827
In base 16, what is 9e - 3833?
-3795
In base 9, what is 37752 + 227?
38080
In base 4, what is 0 - -2310330?
2310330
In base 7, what is -32016 - 301?
-32320
In base 4, what is 323011131 + 2?
323011133
In base 9, what is 473 - 4103?
-3520
In base 13, what is 31 - 30b53?
-30b22
In base 8, what is -46 + 1576?
1530
In base 11, what is 14030 + 75?
140a5
In base 9, what is -8314 + -1245?
-10560
In base 14, what is 6 - 8d24?
-8d1c
In base 4, what is 102122013 - 3?
102122010
In base 8, what is 6166 + 43?
6231
In base 16, what is -3b4 - 779?
-b2d
In base 9, what is -56 - 6213?
-6270
In base 12, what is 4502 + 34?
4536
In base 3, what is -1021221001001 - 11?
-1021221001012
In base 16, what is 22 - 5afd?
-5adb
In base 5, what is 124 + 23200?
23324
In base 13, what is 0 + -24b?
-24b
In base 3, what is 120011 - 1012?
111222
In base 10, what is 24 + 707?
731
In base 9, what is -4025288 - 4?
-4025303
In base 7, what is 2632 - 201?
2431
In base 9, what is -126511 + -2?
-126513
In base 16, what is 223a + -8?
2232
In base 2, what is 110110 - 1010100000001101?
-1010011111010111
In base 9, what is -4776540 - -2?
-4776537
In base 4, what is -20022330 + 2?
-20022322
In base 11, what is 116 - -19427?
19542
In base 7, what is 6 + -23343?
-23334
In base 8, what is -5 - -116430?
116423
In base 5, what is 12400231 - -10?
12400241
In base 15, what is a47d + d?
a48b
In base 16, what is -fc - 761?
-85d
In base 2, what is -11111 - 10001110101011?
-10001111001010
In base 15, what is 2ca4a4 + 5?
2ca4a9
In base 14, what is -22dad + 3?
-22daa
In base 15, what is -53ed + 66?
-5387
In base 9, what is 5 - -176477?
176483
In base 16, what is 7b0 + -58?
758
In base 12, what is -2a3 - -128?
-177
In base 6, what is -312431 + 11?
-312420
In base 15, what is -2e74 - -72?
-2e02
In base 3, what is -22 + 101202221?
101202122
In base 13, what is -4 - 27692?
-27696
In base 15, what is 5 - -ae1?
ae6
In base 2, what is 100 + 110110000111100?
110110001000000
In base 8, what is 2133636 + -4?
2133632
In base 6, what is 3045 - -4?
3053
In base 16, what is 6 + 16db?
16e1
In base 10, what is 0 - -114113?
114113
In base 10, what is 7 + -69802?
-69795
In base 8, what is 10072 + 23?
10115
In base 9, what is 3354 + -7?
3346
In base 13, what is 67 - -360?
3c7
In base 11, what is -9473 - -11?
-9462
In base 2, what is 1100110 - -1000110001?
1010010111
In base 11, what is -3628 - 969?
-4496
In base 15, what is 68e3 - -18?
690b
In base 4, what is 130103 - 110222?
13221
In base 2, what is 11110001010000 - 111?
11110001001001
In base 4, what is 13 + -2013020201?
-2013020122
In base 7, what is -12 - -200446?
200434
In base 14, what is -c676 + -1?
-c677
In base 11, what is 19 - -8a23?
8a41
In base 6, what is -450 - -21030?
20140
In base 5, what is -3124220 - -2?
-3124213
In base 2, what is 1000 - -1000000?
1001000
In base 5, what is -1323103311 + -2?
-1323103313
In base 15, what is -65 - 140c?
-1472
In base 4, what is 1202 - -10131?
11333
In base 11, what is 6 - 12a13?
-12a08
In base 2, what is 1001000111 - 111010?
1000001101
In base 9, what is -1 - -533600?
533588
In base 3, what is 120010022 + 1?
120010100
In base 14, what is 2 + 109226?
109228
In base 16, what is -6dd9 + -1?
-6dda
In base 2, what is -1010000 + 1101001?
11001
In base 5, what is 23021312 + 2?
23021314
In base 4, what is -11 - -130031232?
130031221
In base 10, what is -25 - -5613?
5588
In base 8, what is 1016356 - -1?
1016357
In base 16, what is 65a3be + 1?
65a3bf
In base 13, what is -860 + -73?
-903
In base 7, what is -1 - -335152?
335151
In base 2, what is 1000010010 + -101001110?
11000100
In base 10, what is -2470 - 0?
-2470
In base 11, what is 1925a - 3?
19257
In base 4, what is -32101233 + -11?
-32101310
In base 3, what is 10221 + -122100?
-111102
In base 9, what is 203103 + -10?
203083
In base 10, what is 391620 - 3?
391617
In base 10, what is -13 + 314338?
314325
In base 15, what is 2 - 6e13e?
-6e13c
In base 2, what is 101111100 + 10101001?
1000100101
In base 13, what is a - -83ca?
8407
In base 2, what is -110100 + 10110101?
10000001
In base 4, what is -2020221 - -1001?
-2013220
In base 14, what is 8 - -2151?
2159
In base 8, what is -5 - 241?
-246
In base 16, what is 1 - 15b1?
-15b0
In base 6, what is 4 + -532143?
-532135
In base 9, what is 